{"id":915,"date":"2019-04-01T14:11:05","date_gmt":"2019-04-01T17:11:05","guid":{"rendered":"http:\/\/www.drink.com.ar\/wordpress\/index.php\/product\/bravio-cabernet-sauvignon-caja-x-6\/"},"modified":"2020-12-11T18:34:25","modified_gmt":"2020-12-11T21:34:25","slug":"bravio-cabernet-sauvignon-caja-x-6","status":"publish","type":"product","link":"http:\/\/www.drink.com.ar\/wordpress\/index.php\/product\/bravio-cabernet-sauvignon-caja-x-6\/","title":{"rendered":"Bravio Cabernet Sauvignon Caja x 6"},"content":{"rendered":"<section class=\"ui-view-more vip-section-specs main-section \">\n<h2 class=\"main-section__title\">Caracter\u00edsticas<\/h2>\n<div class=\"specs-wrapper\">\n<section class=\"specs-container  specs-primary-specs specs-layout-default u-clearfix\">\n<ul class=\"specs-list specs-list-primary specs-structure-medium\">\n<li class=\"specs-item specs-item-primary\"><strong>Marca<\/strong>Esmeralda<\/li>\n<li class=\"specs-item specs-item-primary\"><strong>Variedad<\/strong>Tinto<\/li>\n<li class=\"specs-item specs-item-primary\"><strong>Varietal<\/strong>Cabernet Sauvignon<\/li>\n<li class=\"specs-item specs-item-primary\"><strong>Volumen de la unidad<\/strong>750 mL<\/li>\n<li class=\"specs-item specs-item-primary\"><strong>Origen<\/strong>Mendoza<\/li>\n<li class=\"specs-item specs-item-primary\"><strong>Modelo<\/strong>Brav\u00edo<\/li>\n<\/ul>\n<\/section>\n<\/div>\n<\/section>\n<section class=\"main-section item-description \">\n<h2 class=\"main-section__title item-description__title\">Descripci\u00f3n<\/h2>\n<div id=\"description-includes\" class=\"item-description__content \">\n<div class=\"item-description__text\">\n<p>BRAV\u00cdO CABERNET SAUVIGNON &#8211; CAJA<\/p>\n<\/div>\n<\/div>\n<\/section>\n","protected":false},"excerpt":{"rendered":"<p>Caracter\u00edsticas MarcaEsmeralda VariedadTinto VarietalCabernet Sauvignon Volumen de la unidad750 mL OrigenMendoza ModeloBrav\u00edo Descripci\u00f3n BRAV\u00cdO CABERNET SAUVIGNON &#8211; CAJA<\/p>\n","protected":false},"featured_media":962,"comment_status":"open","ping_status":"closed","template":"","meta":{"jetpack_post_was_ever_published":false,"jetpack_publicize_message":"","jetpack_publicize_feature_enabled":true,"jetpack_social_post_already_shared":true,"jetpack_social_options":{"image_generator_settings":{"template":"highway","enabled":false},"version":2}},"class_list":["post-915","product","type-product","status-publish","has-post-thumbnail","hentry","product_cat-cabernet","product_cat-tintos"],"jetpack_publicize_connections":[],"brands":[],"yoast_head":"<!-- This site is optimized with the Yoast SEO plugin v24.7 - https:\/\/yoast.com\/wordpress\/plugins\/seo\/ -->\n<title>Bravio Cabernet Sauvignon Caja x 6 - Drink.com<\/title>\n<meta name=\"robots\" content=\"index, follow, max-snippet:-1, max-image-preview:large, max-video-preview:-1\" \/>\n<link rel=\"canonical\" href=\"http:\/\/www.drink.com.ar\/wordpress\/index.php\/product\/bravio-cabernet-sauvignon-caja-x-6\/\" \/>\n<meta property=\"og:locale\" content=\"es_ES\" \/>\n<meta property=\"og:type\" content=\"article\" \/>\n<meta property=\"og:title\" content=\"Bravio Cabernet Sauvignon Caja x 6 - Drink.com\" \/>\n<meta property=\"og:description\" content=\"Caracter\u00edsticas MarcaEsmeralda VariedadTinto VarietalCabernet Sauvignon Volumen de la unidad750 mL OrigenMendoza ModeloBrav\u00edo Descripci\u00f3n BRAV\u00cdO CABERNET SAUVIGNON &#8211; CAJA\" \/>\n<meta property=\"og:url\" content=\"http:\/\/www.drink.com.ar\/wordpress\/index.php\/product\/bravio-cabernet-sauvignon-caja-x-6\/\" \/>\n<meta property=\"og:site_name\" content=\"Drink.com\" \/>\n<meta property=\"article:modified_time\" content=\"2020-12-11T21:34:25+00:00\" \/>\n<meta property=\"og:image\" content=\"http:\/\/www.drink.com.ar\/wordpress\/wp-content\/uploads\/2019\/04\/bravio-cabernet-sauvignon-caja-D_NQ_NP_854034-MLA25591945714_052017-F.jpg\" \/>\n\t<meta property=\"og:image:width\" content=\"800\" \/>\n\t<meta property=\"og:image:height\" content=\"800\" \/>\n\t<meta property=\"og:image:type\" content=\"image\/jpeg\" \/>\n<meta name=\"twitter:card\" content=\"summary_large_image\" \/>\n<script type=\"application\/ld+json\" class=\"yoast-schema-graph\">{\"@context\":\"https:\/\/schema.org\",\"@graph\":[{\"@type\":\"WebPage\",\"@id\":\"http:\/\/www.drink.com.ar\/wordpress\/index.php\/product\/bravio-cabernet-sauvignon-caja-x-6\/\",\"url\":\"http:\/\/www.drink.com.ar\/wordpress\/index.php\/product\/bravio-cabernet-sauvignon-caja-x-6\/\",\"name\":\"Bravio Cabernet Sauvignon Caja x 6 - Drink.com\",\"isPartOf\":{\"@id\":\"http:\/\/www.drink.com.ar\/wordpress\/#website\"},\"primaryImageOfPage\":{\"@id\":\"http:\/\/www.drink.com.ar\/wordpress\/index.php\/product\/bravio-cabernet-sauvignon-caja-x-6\/#primaryimage\"},\"image\":{\"@id\":\"http:\/\/www.drink.com.ar\/wordpress\/index.php\/product\/bravio-cabernet-sauvignon-caja-x-6\/#primaryimage\"},\"thumbnailUrl\":\"http:\/\/www.drink.com.ar\/wordpress\/wp-content\/uploads\/2019\/04\/bravio-cabernet-sauvignon-caja-D_NQ_NP_854034-MLA25591945714_052017-F.jpg\",\"datePublished\":\"2019-04-01T17:11:05+00:00\",\"dateModified\":\"2020-12-11T21:34:25+00:00\",\"breadcrumb\":{\"@id\":\"http:\/\/www.drink.com.ar\/wordpress\/index.php\/product\/bravio-cabernet-sauvignon-caja-x-6\/#breadcrumb\"},\"inLanguage\":\"es-AR\",\"potentialAction\":[{\"@type\":\"ReadAction\",\"target\":[\"http:\/\/www.drink.com.ar\/wordpress\/index.php\/product\/bravio-cabernet-sauvignon-caja-x-6\/\"]}]},{\"@type\":\"ImageObject\",\"inLanguage\":\"es-AR\",\"@id\":\"http:\/\/www.drink.com.ar\/wordpress\/index.php\/product\/bravio-cabernet-sauvignon-caja-x-6\/#primaryimage\",\"url\":\"http:\/\/www.drink.com.ar\/wordpress\/wp-content\/uploads\/2019\/04\/bravio-cabernet-sauvignon-caja-D_NQ_NP_854034-MLA25591945714_052017-F.jpg\",\"contentUrl\":\"http:\/\/www.drink.com.ar\/wordpress\/wp-content\/uploads\/2019\/04\/bravio-cabernet-sauvignon-caja-D_NQ_NP_854034-MLA25591945714_052017-F.jpg\",\"width\":800,\"height\":800},{\"@type\":\"BreadcrumbList\",\"@id\":\"http:\/\/www.drink.com.ar\/wordpress\/index.php\/product\/bravio-cabernet-sauvignon-caja-x-6\/#breadcrumb\",\"itemListElement\":[{\"@type\":\"ListItem\",\"position\":1,\"name\":\"Inicio\",\"item\":\"http:\/\/www.drink.com.ar\/wordpress\/\"},{\"@type\":\"ListItem\",\"position\":2,\"name\":\"Nuestra tienda\",\"item\":\"http:\/\/www.drink.com.ar\/wordpress\/\"},{\"@type\":\"ListItem\",\"position\":3,\"name\":\"Bravio Cabernet Sauvignon Caja x 6\"}]},{\"@type\":\"WebSite\",\"@id\":\"http:\/\/www.drink.com.ar\/wordpress\/#website\",\"url\":\"http:\/\/www.drink.com.ar\/wordpress\/\",\"name\":\"Drink &amp; Co\",\"description\":\"No tomar\u00e1s en vano, inventa siempre un pretexto\",\"publisher\":{\"@id\":\"http:\/\/www.drink.com.ar\/wordpress\/#organization\"},\"potentialAction\":[{\"@type\":\"SearchAction\",\"target\":{\"@type\":\"EntryPoint\",\"urlTemplate\":\"http:\/\/www.drink.com.ar\/wordpress\/?s={search_term_string}\"},\"query-input\":{\"@type\":\"PropertyValueSpecification\",\"valueRequired\":true,\"valueName\":\"search_term_string\"}}],\"inLanguage\":\"es-AR\"},{\"@type\":\"Organization\",\"@id\":\"http:\/\/www.drink.com.ar\/wordpress\/#organization\",\"name\":\"Drink & Co\",\"url\":\"http:\/\/www.drink.com.ar\/wordpress\/\",\"logo\":{\"@type\":\"ImageObject\",\"inLanguage\":\"es-AR\",\"@id\":\"http:\/\/www.drink.com.ar\/wordpress\/#\/schema\/logo\/image\/\",\"url\":\"http:\/\/www.drink.com.ar\/wordpress\/wp-content\/uploads\/2019\/03\/otro-logo2-scaled.png\",\"contentUrl\":\"http:\/\/www.drink.com.ar\/wordpress\/wp-content\/uploads\/2019\/03\/otro-logo2-scaled.png\",\"width\":2560,\"height\":477,\"caption\":\"Drink & Co\"},\"image\":{\"@id\":\"http:\/\/www.drink.com.ar\/wordpress\/#\/schema\/logo\/image\/\"}}]}<\/script>\n<!-- \/ Yoast SEO plugin. -->","yoast_head_json":{"title":"Bravio Cabernet Sauvignon Caja x 6 - Drink.com","robots":{"index":"index","follow":"follow","max-snippet":"max-snippet:-1","max-image-preview":"max-image-preview:large","max-video-preview":"max-video-preview:-1"},"canonical":"http:\/\/www.drink.com.ar\/wordpress\/index.php\/product\/bravio-cabernet-sauvignon-caja-x-6\/","og_locale":"es_ES","og_type":"article","og_title":"Bravio Cabernet Sauvignon Caja x 6 - Drink.com","og_description":"Caracter\u00edsticas MarcaEsmeralda VariedadTinto VarietalCabernet Sauvignon Volumen de la unidad750 mL OrigenMendoza ModeloBrav\u00edo Descripci\u00f3n BRAV\u00cdO CABERNET SAUVIGNON &#8211; CAJA","og_url":"http:\/\/www.drink.com.ar\/wordpress\/index.php\/product\/bravio-cabernet-sauvignon-caja-x-6\/","og_site_name":"Drink.com","article_modified_time":"2020-12-11T21:34:25+00:00","og_image":[{"width":800,"height":800,"url":"http:\/\/www.drink.com.ar\/wordpress\/wp-content\/uploads\/2019\/04\/bravio-cabernet-sauvignon-caja-D_NQ_NP_854034-MLA25591945714_052017-F.jpg","type":"image\/jpeg"}],"twitter_card":"summary_large_image","schema":{"@context":"https:\/\/schema.org","@graph":[{"@type":"WebPage","@id":"http:\/\/www.drink.com.ar\/wordpress\/index.php\/product\/bravio-cabernet-sauvignon-caja-x-6\/","url":"http:\/\/www.drink.com.ar\/wordpress\/index.php\/product\/bravio-cabernet-sauvignon-caja-x-6\/","name":"Bravio Cabernet Sauvignon Caja x 6 - Drink.com","isPartOf":{"@id":"http:\/\/www.drink.com.ar\/wordpress\/#website"},"primaryImageOfPage":{"@id":"http:\/\/www.drink.com.ar\/wordpress\/index.php\/product\/bravio-cabernet-sauvignon-caja-x-6\/#primaryimage"},"image":{"@id":"http:\/\/www.drink.com.ar\/wordpress\/index.php\/product\/bravio-cabernet-sauvignon-caja-x-6\/#primaryimage"},"thumbnailUrl":"http:\/\/www.drink.com.ar\/wordpress\/wp-content\/uploads\/2019\/04\/bravio-cabernet-sauvignon-caja-D_NQ_NP_854034-MLA25591945714_052017-F.jpg","datePublished":"2019-04-01T17:11:05+00:00","dateModified":"2020-12-11T21:34:25+00:00","breadcrumb":{"@id":"http:\/\/www.drink.com.ar\/wordpress\/index.php\/product\/bravio-cabernet-sauvignon-caja-x-6\/#breadcrumb"},"inLanguage":"es-AR","potentialAction":[{"@type":"ReadAction","target":["http:\/\/www.drink.com.ar\/wordpress\/index.php\/product\/bravio-cabernet-sauvignon-caja-x-6\/"]}]},{"@type":"ImageObject","inLanguage":"es-AR","@id":"http:\/\/www.drink.com.ar\/wordpress\/index.php\/product\/bravio-cabernet-sauvignon-caja-x-6\/#primaryimage","url":"http:\/\/www.drink.com.ar\/wordpress\/wp-content\/uploads\/2019\/04\/bravio-cabernet-sauvignon-caja-D_NQ_NP_854034-MLA25591945714_052017-F.jpg","contentUrl":"http:\/\/www.drink.com.ar\/wordpress\/wp-content\/uploads\/2019\/04\/bravio-cabernet-sauvignon-caja-D_NQ_NP_854034-MLA25591945714_052017-F.jpg","width":800,"height":800},{"@type":"BreadcrumbList","@id":"http:\/\/www.drink.com.ar\/wordpress\/index.php\/product\/bravio-cabernet-sauvignon-caja-x-6\/#breadcrumb","itemListElement":[{"@type":"ListItem","position":1,"name":"Inicio","item":"http:\/\/www.drink.com.ar\/wordpress\/"},{"@type":"ListItem","position":2,"name":"Nuestra tienda","item":"http:\/\/www.drink.com.ar\/wordpress\/"},{"@type":"ListItem","position":3,"name":"Bravio Cabernet Sauvignon Caja x 6"}]},{"@type":"WebSite","@id":"http:\/\/www.drink.com.ar\/wordpress\/#website","url":"http:\/\/www.drink.com.ar\/wordpress\/","name":"Drink &amp; Co","description":"No tomar\u00e1s en vano, inventa siempre un pretexto","publisher":{"@id":"http:\/\/www.drink.com.ar\/wordpress\/#organization"},"potentialAction":[{"@type":"SearchAction","target":{"@type":"EntryPoint","urlTemplate":"http:\/\/www.drink.com.ar\/wordpress\/?s={search_term_string}"},"query-input":{"@type":"PropertyValueSpecification","valueRequired":true,"valueName":"search_term_string"}}],"inLanguage":"es-AR"},{"@type":"Organization","@id":"http:\/\/www.drink.com.ar\/wordpress\/#organization","name":"Drink & Co","url":"http:\/\/www.drink.com.ar\/wordpress\/","logo":{"@type":"ImageObject","inLanguage":"es-AR","@id":"http:\/\/www.drink.com.ar\/wordpress\/#\/schema\/logo\/image\/","url":"http:\/\/www.drink.com.ar\/wordpress\/wp-content\/uploads\/2019\/03\/otro-logo2-scaled.png","contentUrl":"http:\/\/www.drink.com.ar\/wordpress\/wp-content\/uploads\/2019\/03\/otro-logo2-scaled.png","width":2560,"height":477,"caption":"Drink & Co"},"image":{"@id":"http:\/\/www.drink.com.ar\/wordpress\/#\/schema\/logo\/image\/"}}]}},"jetpack_sharing_enabled":true,"_links":{"self":[{"href":"http:\/\/www.drink.com.ar\/wordpress\/index.php\/wp-json\/wp\/v2\/product\/915","targetHints":{"allow":["GET"]}}],"collection":[{"href":"http:\/\/www.drink.com.ar\/wordpress\/index.php\/wp-json\/wp\/v2\/product"}],"about":[{"href":"http:\/\/www.drink.com.ar\/wordpress\/index.php\/wp-json\/wp\/v2\/types\/product"}],"replies":[{"embeddable":true,"href":"http:\/\/www.drink.com.ar\/wordpress\/index.php\/wp-json\/wp\/v2\/comments?post=915"}],"wp:featuredmedia":[{"embeddable":true,"href":"http:\/\/www.drink.com.ar\/wordpress\/index.php\/wp-json\/wp\/v2\/media\/962"}],"wp:attachment":[{"href":"http:\/\/www.drink.com.ar\/wordpress\/index.php\/wp-json\/wp\/v2\/media?parent=915"}],"curies":[{"name":"wp","href":"https:\/\/api.w.org\/{rel}","templated":true}]}}